{"id":1564,"date":"2014-08-17T13:00:03","date_gmt":"2014-08-17T12:00:03","guid":{"rendered":"http:\/\/www.data-protector.org\/wordpress\/?page_id=1564"},"modified":"2015-12-10T19:27:10","modified_gmt":"2015-12-10T18:27:10","slug":"videotutorials","status":"publish","type":"page","link":"https:\/\/www.data-protector.org\/wordpress\/videotutorials\/","title":{"rendered":"Video Tutorials"},"content":{"rendered":"<p>Within the category video tutorials, some videos regarding HP Data Protector are published. There will be additional videos added from time to time, describing features in HP Data Protector and related products. For any feedback or to request a tutorial, please use the contact form below. The videos will be published in different languages.<\/p>\n<p>&nbsp;<\/p>\n<table>\n<tr>\n<td>\n<b>DP Intro, Architecture, Licensing &#8211; Part 1 <img src=\"https:\/\/www.data-protector.org\/wordpress\/wp-content\/uploads\/2014\/06\/us.png\"\/><\/b><br \/>\n<video src=\"..\/..\/tutorials\/DP_Introduction_Architecture_Licensing.mp4\" poster=\"..\/..\/tutorials\/brick.png\" preload=\"auto\" autobuffer type=\"video\/mp4\" width=\"320\" height=\"180\" controls><br \/>\n        Sorry, the video cannot be displayed, your browser does not support HTML5 tags. You may download the video here: <a href=\"..\/..\/tutorials\/DP_Introduction_Architecture_Licensing.mp4\">LINK<\/a><br \/>\n<\/video>\n<\/td>\n<td>\n<b>DP Installation, Devices, Backup &#8211; Part 2 <img src=\"https:\/\/www.data-protector.org\/wordpress\/wp-content\/uploads\/2014\/06\/us.png\"\/><\/b><br \/>\n<video src=\"..\/..\/tutorials\/DP_Installation_DeviceManagement_Backup.mp4\" poster=\"..\/..\/tutorials\/brick.png\" preload=\"auto\" autobuffer type=\"video\/mp4\" width=\"320\" height=\"180\" controls><br \/>\n        Sorry, the video cannot be displayed, your browser does not support HTML5 tags. You may download the video here: <a href=\"..\/..\/tutorials\/DP_Installation_DeviceManagement_Backup.mp4\">LINK<\/a><br \/>\n<\/video>\n<\/td>\n<\/tr>\n<\/table>\n<table>\n<tr>\n<td>\n<b>DP Monitoring, Reporting, Restore &#8211; Part 3 <img src=\"https:\/\/www.data-protector.org\/wordpress\/wp-content\/uploads\/2014\/06\/us.png\"\/><\/b><br \/>\n<video src=\"..\/..\/tutorials\/DP_MonitoringReporting_Restore.mp4\" poster=\"..\/..\/tutorials\/brick.png\" preload=\"auto\" autobuffer type=\"video\/mp4\" width=\"320\" height=\"180\" controls><br \/>\n        Sorry, the video cannot be displayed, your browser does not support HTML5 tags. You may download the video here: <a href=\"..\/..\/tutorials\/DP_MonitoringReporting_Restore.mp4\">LINK<\/a><br \/>\n<\/video>\n<\/td>\n<td>\n<b>DP IDB, Documentation, Troubleshooting &#8211; Part 4 <img src=\"https:\/\/www.data-protector.org\/wordpress\/wp-content\/uploads\/2014\/06\/us.png\"\/><\/b><br \/>\n<video src=\"..\/..\/tutorials\/DP_IDB_Documentatation_Troubleshooting.mp4\" poster=\"..\/..\/tutorials\/brick.png\" preload=\"auto\" autobuffer type=\"video\/mp4\" width=\"320\" height=\"180\" controls><br \/>\n        Sorry, the video cannot be displayed, your browser does not support HTML5 tags. You may download the video here: <a href=\"..\/..\/tutorials\/DP_IDB_Documentatation_Troubleshooting.mp4\">LINK<\/a><br \/>\n<\/video>\n<\/td>\n<\/tr>\n<\/table>\n<table>\n<tr>\n<td>\n<b>HP Backup Navigator <img src=\"https:\/\/www.data-protector.org\/wordpress\/wp-content\/uploads\/2014\/06\/us.png\"\/><\/b><br \/>\n<video src=\"..\/..\/tutorials\/HPBackupNavigator_en.mp4\" poster=\"..\/..\/tutorials\/brick.png\" preload=\"auto\" autobuffer type=\"video\/mp4\" width=\"320\" height=\"180\" controls><br \/>\n        Sorry, the video cannot be displayed, your browser does not support HTML5 tags. You may download the video here: <a href=\"..\/..\/tutorials\/HPBackupNavigator_en.mp4\">LINK<\/a><br \/>\n<\/video>\n<\/td>\n<td>\n<b>HP Backup Navigator <img src=\"https:\/\/www.data-protector.org\/wordpress\/wp-content\/uploads\/2013\/09\/de.png\"\/><\/b><br \/>\n<video src=\"..\/..\/tutorials\/HPBackupNavigator_ge.mp4\" poster=\"..\/..\/tutorials\/brick.png\" preload=\"auto\" autobuffer type=\"video\/mp4\" width=\"320\" height=\"180\" controls><br \/>\n        Sorry, the video cannot be displayed, your browser does not support HTML5 tags. You may download the video here: <a href=\"..\/..\/tutorials\/HPBackupNavigator_ge.mp4\">LINK<\/a><br \/>\n<\/video>\n<\/td>\n<\/tr>\n<\/table>\n<p><b>BRICK &#8211; How to use <img src=\"https:\/\/www.data-protector.org\/wordpress\/wp-content\/uploads\/2013\/09\/de.png\"\/><\/b><br \/>\n<video src=\"..\/..\/tutorials\/brick.mp4\" poster=\"..\/..\/tutorials\/brick.png\" preload=\"auto\" autobuffer type=\"video\/mp4\" width=\"320\" height=\"180\" controls><br \/>\n        Sorry, the video cannot be displayed, your browser does not support HTML5 tags. You may download the video here: <a href=\"..\/..\/tutorials\/brick.mp4\">LINK<\/a><br \/>\n<\/video><\/p>\n","protected":false},"excerpt":{"rendered":"<p>Within the category video tutorials, some videos regarding HP Data Protector are published. There will be additional videos added from time to time, describing features in HP Data Protector and related products. For any feedback or to request a tutorial, please use the contact form below. The videos will be published in different languages. &nbsp; [&hellip;]<\/p>\n","protected":false},"author":1,"featured_media":0,"parent":0,"menu_order":0,"comment_status":"open","ping_status":"open","template":"","meta":{"_mi_skip_tracking":false,"spay_email":""},"translation":{"provider":"WPGlobus","version":"2.8.8","language":"en","enabled_languages":["en","de"],"languages":{"en":{"title":true,"content":true,"excerpt":false},"de":{"title":false,"content":true,"excerpt":false}}},"jetpack_shortlink":"https:\/\/wp.me\/P28cjj-pe","jetpack_sharing_enabled":true,"jetpack-related-posts":[{"id":52,"url":"https:\/\/www.data-protector.org\/wordpress\/whitepaper\/","url_meta":{"origin":1564,"position":0},"title":"Whitepaper","date":"4. April 2016","format":false,"excerpt":"{:en} With friendly permission of HPE withhin this article known Data Protector whitepapers are listed. Older versions (pre DP 7) were removed. For some whitepaper a Passport Account may required. Data Protector 9.xx Whitepaper: Integrating data protection for VMware Infrastructure Cloud Service Automation and Data Protector Data Protector 7.0 Whitepaper:\u2026","rel":"","context":"With 2 comments","img":{"alt_text":"","src":"","width":0,"height":0},"classes":[]},{"id":984,"url":"https:\/\/www.data-protector.org\/wordpress\/brick\/","url_meta":{"origin":1564,"position":1},"title":"BRICK","date":"10. June 2015","format":false,"excerpt":"{:de}BRICK - Backup Related Information Collector and Keeper - neue Version 2.0 Was ist BRICK? Ein Tool f\u00fcr HP Data Protector, welches dazu verwendet wird die Data Protector Umgebung zu dokumentieren, bei der Fehleranalyse unterst\u00fctzt, alle relevanten Informationen der Umgebung geb\u00fcndelt zusammenstellt, sowie beim \u00d6ffnen von Support Cases unterst\u00fctzt. BRICK\u2026","rel":"","context":"With 119 comments","img":{"alt_text":"","src":"","width":0,"height":0},"classes":[]},{"id":4239,"url":"https:\/\/www.data-protector.org\/wordpress\/data-protector-links\/","url_meta":{"origin":1564,"position":2},"title":"Data Protector links","date":"19. June 2018","format":false,"excerpt":"{:en}Following you can find the most frequently searched URL's, we try to keep this as up to date as possible. Disclaimer: The preceding links refer to external websites of third parties on whose contents we have no influence. Therefore, we can not assume any liability for these external contents. The\u2026","rel":"","context":"Similar post","img":{"alt_text":"","src":"","width":0,"height":0},"classes":[]},{"id":3292,"url":"https:\/\/www.data-protector.org\/wordpress\/webinars\/","url_meta":{"origin":1564,"position":3},"title":"Webinars","date":"9. January 2017","format":false,"excerpt":"{:en}In the following list is an overview of the currently available webinars, unfortunately the content is in German only. {:}{:de}In der nachstehenden Liste befindet sich eine \u00dcbersicht der verf\u00fcgbaren Webinare. Nat\u00fcrlich ist auch der \"Data Protector zum Wochenstart\" dabei. {:}","rel":"","context":"Similar post","img":{"alt_text":"","src":"","width":0,"height":0},"classes":[]},{"id":65,"url":"https:\/\/www.data-protector.org\/wordpress\/about\/imprint\/","url_meta":{"origin":1564,"position":4},"title":"Imprint","date":"28. June 2010","format":false,"excerpt":"{:en}Disclaimer: Private Website to honor the legacy of Daniel Braun Responsible for content according to \u00a7 55 Abs. 2 RStV: Stephan Voss or the named content writer of the posting. Despite careful control we assume no liability for the content of external links. The operators are exclusively responsible for the\u2026","rel":"","context":"Similar post","img":{"alt_text":"","src":"","width":0,"height":0},"classes":[]}],"_links":{"self":[{"href":"https:\/\/www.data-protector.org\/wordpress\/wp-json\/wp\/v2\/pages\/1564"}],"collection":[{"href":"https:\/\/www.data-protector.org\/wordpress\/wp-json\/wp\/v2\/pages"}],"about":[{"href":"https:\/\/www.data-protector.org\/wordpress\/wp-json\/wp\/v2\/types\/page"}],"author":[{"embeddable":true,"href":"https:\/\/www.data-protector.org\/wordpress\/wp-json\/wp\/v2\/users\/1"}],"replies":[{"embeddable":true,"href":"https:\/\/www.data-protector.org\/wordpress\/wp-json\/wp\/v2\/comments?post=1564"}],"version-history":[{"count":40,"href":"https:\/\/www.data-protector.org\/wordpress\/wp-json\/wp\/v2\/pages\/1564\/revisions"}],"predecessor-version":[{"id":3355,"href":"https:\/\/www.data-protector.org\/wordpress\/wp-json\/wp\/v2\/pages\/1564\/revisions\/3355"}],"wp:attachment":[{"href":"https:\/\/www.data-protector.org\/wordpress\/wp-json\/wp\/v2\/media?parent=1564"}],"curies":[{"name":"wp","href":"https:\/\/api.w.org\/{rel}","templated":true}]}}